-l - 4*n = -1313. What is the thousands digit of l?
1
Suppose g - f = -18, g = 2*g + f + 22. Let d = -17 - g. Suppose 0 = -2*z + 107 + d. What is the tens digit of z?
5
What is the hundreds digit of 5/45 - (-15119)/9?
6
Let c be 1*-2 + -1 + 22. Suppose 4*y + 4*q = 168, 0 = 4*y - 5*y + 2*q + 45. Suppose -2*w - c = -y. What is the units digit of w?
2
What is the thousands digit of 2153/2 - (-73)/146?
1
Let r(j) = j - 3. Let d be r(8). Suppose -q = -8*g + 3*g + 84, 0 = d*g + 2*q - 72. Suppose p + 4*y = g, p = 3*p + y - 39. What is the units digit of p?
0
Suppose 3 = 2*s + 13, 2*x - 448 = 4*s. What is the hundreds digit of x?
2
Let a be 1/(-3) + (-16)/(-3). Suppose -3*b = a*n - 1 - 4, 4*b = -3*n + 14. What is the units digit of n/(-7) + (-204)/(-21)?
0
Suppose -4*i - 2*v + 38 = 0, -5 = -3*v + 4. Suppose i*f - 264 = 2*f. What is the tens digit of f?
4
Suppose -x = 5*b - 9 - 5, -4*x + 4*b + 8 = 0. Suppose 111 = 3*z - 2*o, -3*z + 4*z + 4*o - 51 = 0. Suppose -x*i + z = -41. What is the units digit of i?
0
Let c(d) = d**3 - 10*d**2 + 12*d - 18. Let g be c(9). Suppose g*b = 3*b + 48. What is the units digit of b?
8
Let z = 124 + 20. Let u = z - 18. What is the tens digit of u?
2
Suppose -244 = -3*h + 4313. What is the thousands digit of h?
1
Let n = -12 - -8. Let l be ((-18)/(-3))/(n - -3). What is the tens digit of (-9)/(-4)*(-32)/l?
1
Let y(h) = -19*h + 45. Let q be y(9). Let m = q - -283. What is the units digit of m?
7
Let i = -8887 + 12488. What is the hundreds digit of i?
6
Suppose 5*i - 3*d = 41, -5*d + 16 - 1 = 0. Suppose 6*f = i*f - 456. What is the hundreds digit of f?
1
Let u(r) = 11*r + 58. Let h be u(-5). Suppose -2*b = 5*d - 1388, 0 = -2*d + 7*d - h*b - 1393. What is the units digit of d?
8
Let n(p) = 8*p - 32. Suppose 9 = 2*d - 5. What is the units digit of n(d)?
4
Suppose c - 2359 = -3*c + k, 3*c - 4*k - 1779 = 0. What is the tens digit of c?
8
Suppose 2*i + 36 - 276 = -5*o, 0 = i + 4*o - 120. What is the tens digit of i?
2
Let j(u) = 7*u - 33. Let h(d) = 20*d - 98. Let l(k) = -3*h(k) + 8*j(k). Let z be l(9). What is the units digit of 53 - 7/((-14)/z)?
0
Let m(w) = 2406*w**2 + 39*w - 40. What is the units digit of m(1)?
5
Let b(p) = -10*p + 15. What is the tens digit of b(-29)?
0
Let p = -74 - -76. What is the tens digit of (-3)/9*(p + -185)?
6
Suppose -5*q + 532 = -q. Let j = q - 63. What is the units digit of j?
0
Let j be (-4)/8*(-1)/(1/(-98)). What is the units digit of 971/7 + (-14)/j?
9
Let k(a) = -6*a - 1. Let f be k(-1). Suppose 8*m + 343 = 11*m + 5*i, 597 = f*m + 2*i. What is the tens digit of m?
2
Let s = -26 - -46. Let r be (-1)/(s/16 - 1). What is the tens digit of (2/r)/(5/(-210))?
2
Let n be (15/(-9))/((-2)/18 + 0). Suppose -g + n + 36 = 0. What is the tens digit of g?
5
Let u = -324 - -500. Let n = u - 87. What is the units digit of n?
9
Suppose -4*u + k - 1687 = 0, -k + 423 = -u - 2*k. What is the tens digit of 16/(-56) - u/7?
6
Let t = 8164 + -5306. What is the units digit of t?
8
Suppose -3*k + 23 - 17 = 0. Suppose -240 = -k*g - 64. What is the tens digit of g?
8
Suppose 5*g = 3*g + 1270. What is the units digit of g?
5
Let d(u) = u**2 - u + 3. Let j = 37 + -34. What is the units digit of d(j)?
9
Let u(s) be the second derivative of s**5/60 + 17*s**4/24 + 2*s**3 - 11*s. Let h(f) be the second derivative of u(f). What is the units digit of h(-8)?
1
Suppose 3*p + 10 = 5*p. Suppose y = -3*n - 16 - p, -2*y = -4*n - 38. What is the tens digit of ((-25)/4)/(2/n)?
2
Suppose 8 = 2*b - 0*b. Suppose 0 = -5*i + 5, -b*u + 6*i - 3*i = -17. Suppose 20 = 2*f - 3*f + 5*v, -u*v = 3*f - 40. What is the units digit of f?
5
Let q be 8 - 8 - (-19 + 1). Let a be 20/6 - 6/q. Suppose -n - a*i = -34, -3*n - 2*n + 114 = i. What is the units digit of n?
2
Let k = 853 - 300. What is the units digit of k?
3
Suppose 7*p - 6*p = -44. Let o = -34 - p. What is the units digit of o?
0
Let u(b) = -b**3 - 12*b**2 + 54*b + 12. What is the units digit of u(-16)?
2
Suppose -4*v = 2*j - 5 - 11, -2*j = -4*v. Suppose v*z = 4*z - 504. What is the hundreds digit of z?
2
Suppose -3*r - m = -1002, -3*r + 5*m + 1020 = -0*r. What is the tens digit of r?
3
Suppose 4*r = 759 + 1565. What is the tens digit of r?
8
Suppose 0 = 4*z - 4 - 16, 3*z - 15 = -j. Suppose j = -o + 1, -2*o = 2*k + k - 50. What is the tens digit of k?
1
Let l = -2033 - -3291. What is the hundreds digit of l?
2
Suppose -5*d + 10*d - 70 = 0. What is the units digit of 5/3*420/d?
0
Suppose 0 = -2*r - 2*x + 908, 1843 = 2*r + 2*r - 5*x. What is the tens digit of r?
5
Suppose -71 = -2*n - 3*u, -2*n - 2*u + 26 + 50 = 0. Suppose c + 15 = n. Suppose -b + f = -0*b - c, -5*f + 34 = b. What is the tens digit of b?
2
Let a(i) = -i**3 + 2*i - 1. Let r = -10 - -1. Let d = r + 6. What is the units digit of a(d)?
0
Let z(p) = 4*p**2 - 2*p. Let j be z(1). Let f be (1 + -3 + 3)/1. Suppose 25 = j*t - f. What is the units digit of t?
3
Let b(k) = 14*k - 25. Let u be (-16)/24 - 70/(-6). What is the tens digit of b(u)?
2
Suppose 9 = -2*c + 437. Let g = c - 44. What is the hundreds digit of g?
1
Let l be 1 + 5 + -2 + 2. Let h = l + -4. Suppose -h*f + 3*f - 19 = 0. What is the tens digit of f?
1
What is the units digit of (0 - -1)/(15 + 208161/(-13878))?
2
Let r(j) = -2 + 2*j**3 - 4*j - 3*j**3 + 7*j**2 + 0 + 0*j. Let h be r(4). Let t = h - 15. What is the tens digit of t?
1
Suppose -476*v + 470*v + 24390 = 0. What is the hundreds digit of v?
0
Let c = -12 - -16. Let z(r) = c*r + 12*r - 7*r + 6 + 1. What is the tens digit of z(3)?
3
Suppose -2*c = 4*v - c - 15, -2*v + 4 = 4*c. Suppose v*k - 5*k = -191. What is the hundreds digit of k?
1
What is the units digit of (-33100)/(-19) - ((-6)/(-57) + 0)?
2
Suppose -5*o - 125 - 20 = 0. Let c = o - -5. Let w = -12 - c. What is the tens digit of w?
1
Suppose 6171 - 1119 = 12*x. What is the units digit of x?
1
What is the tens digit of 750/(-4)*(-7)/((-490)/(-504))?
5
Suppose 0 = -2*k + 4*j - 1 + 19, 4 = -2*j. Let c(b) = 31*b - 16. What is the units digit of c(k)?
9
Let v = -1 + 7. Let g(z) = z**2 - 7*z + 4. Let d be g(v). What is the tens digit of (2/4)/(d/(-84))?
2
What is the units digit of ((-13095)/9)/(-5)*(-10)/(-6)?
5
Suppose 0 = 5*s - 105 - 5. Suppose 32 = 2*d - 4*n + 4, -2*n = 0. What is the tens digit of d/(-77) - (-752)/s?
3
Suppose -2*y - 3*r + 168 = -208, 3*y = -3*r + 570. What is the units digit of y?
4
Let n = 1252 + -638. What is the units digit of n?
4
Suppose -1851 = -6*w + 2073. What is the tens digit of w?
5
Suppose 8*v - 5*v = o - 3402, 0 = -o + 2*v + 3397. What is the hundreds digit of o?
3
Let w(y) be the third derivative of y**5/30 + y**4/12 - y**3/6 - 8*y**2. What is the units digit of w(-4)?
3
Let d(o) = 43*o**2 - 15*o + 2. What is the units digit of d(3)?
4
Let x be 1/4 + 249/12. Let v = -22 + x. Let s(c) = 43*c**2 - 2*c - 1. What is the units digit of s(v)?
4
Suppose 2*y - 4 - 4 = 0. Suppose y*m + 0*b - b = 1832, -1828 = -4*m + 2*b. What is the tens digit of m/15 - 4/(-10)?
3
Suppose -2*d - r - 11 = 0, 4*d + 16 = 4*r - 36. Suppose 0 = -2*s + 5*l + 27, -4*s + 42 = -23*l + 25*l. Let g = d + s. What is the units digit of g?
3
Let x(d) = -d - 1. Let o be x(-5). Let a(p) = p**3 - 7*p**2 + 2*p - 18. Let w be a(8). Suppose o*h + 14 = w. What is the units digit of h?
2
Suppose -3*c = -3*f + 37 + 62, 109 = 3*f - 5*c. Let v = f - -1. What is the units digit of v?
9
Let f(v) = -4*v - 4. Let n be (2 - 5) + 0 - 0. Let k be f(n). What is the units digit of 6/2 - (k + -6)?
1
Let m = -3 + 8. Suppose 5*k + m*s - 36 = 579, -361 = -3*k + s. Suppose 3*w = -l + 14, -5*w - k = -3*l - 37. What is the tens digit of l?
2
What is the tens digit of (-3)/(6/10) - -282?
7
Let i(z) = 4*z**2 - 3*z + 84. What is the units digit of i(27)?
9
Let g(o) be the third derivative of -o**4/8 + o**3/2 + 6*o**2. Let f(j) = -12*j + 1. Let w be f(1). What is the tens digit of g(w)?
3
Let m(g) = g**3 + 5*g**2 - 3*g + 2. Let r be m(-6). Suppose -2*c = 3*c - 4*q - 250, -5*c - 4*q + 290 = 0. Let x = r + c. What is the units digit of x?
8
What is the tens digit of (-4903)/(-8) + (-5)/(-3 + -37)?
1
Suppose 5*b - 3*f - 9448 = 0, -b + 4*b + 3*f - 5664 = 0. What is the units digit of b?
9
Let k = -5029 + 7331. What is the units digit of k?
2
Let b be 1/(5/215*(3 - 2)). Suppose 0 = u + 3 - b. What is the 